{"id":4,"date":"2016-07-05T16:33:46","date_gmt":"2016-07-05T19:33:46","guid":{"rendered":"http:\/\/www.claudializ.com.br\/?page_id=4"},"modified":"2025-07-04T08:06:24","modified_gmt":"2025-07-04T11:06:24","slug":"bio","status":"publish","type":"page","link":"https:\/\/www.claudializ.com.br\/en\/bio\/","title":{"rendered":"Bio"},"content":{"rendered":"<p>Com uma trajet\u00f3ria que come\u00e7ou nas passarelas e editoriais como top model de proje\u00e7\u00e3o internacional, icone da moda no Brasil , Cl\u00e1udia Liz expandiu seu repert\u00f3rio est\u00e9tico para as artes visuais, onde atua como pintora, ilustradora e artista multim\u00eddia. Sua obra explora as conex\u00f5es entre moda, arte, estilo, design, sempre com uma linguagem autoral e sens\u00edvel.<\/p>\n<p>Hoje, al\u00e9m de seu trabalho art\u00edstico, Cl\u00e1udia tamb\u00e9m colabora com marcas em projetos especiais, cocriando conte\u00fados que traduzem seu lifestyle e sua vis\u00e3o est\u00e9tica. Com um olhar refinado e uma presen\u00e7a inspiradora, ela atua como personalidade criativa, conectando universos e ampliando narrativas visuais contempor\u00e2nea.<\/p>\n<p>Atua\u00e7\u00e3o:<br \/>\n\u2022 Desenvolvimento de produtos e cole\u00e7\u00f5es exclusivas, com curadoria est\u00e9tica e dire\u00e7\u00e3o criativa assinada.<br \/>\n\u2022 Colabs com assinatura autoral: cria\u00e7\u00e3o de pe\u00e7as e linhas especiais nas \u00e1reas de moda, arte e decora\u00e7\u00e3o, conectadas ao seu repert\u00f3rio visual.<br \/>\n\u2022 Parcerias como personalidade criativa: participa\u00e7\u00e3o em campanhas e ativa\u00e7\u00f5es como criadora de conte\u00fado com presen\u00e7a em redes sociais e a\u00e7\u00f5es de marca.<br \/>\n\u2022 estilo &amp; imagem: olhar apurado para narrativas visuais, atuando em projetos de moda, beleza e decor.<br \/>\n\u2022 Modelo &amp; \u00edcone fashion: refer\u00eancia est\u00e9tica desde os anos 90, Cl\u00e1udia segue atuando como modelo e s\u00edmbolo de eleg\u00e2ncia atemporal para campanhas e editoriais.<br \/>\n\u2022 Representatividade 50+: voz relevante na discuss\u00e3o sobre estilo, beleza e protagonismo feminino maduro.<br \/>\n\u2022 Artista visual multifacetada: atua\u00e7\u00e3o como pintora, ilustradora e criadora de estampas exclusivas para moda, decor e projetos especiais em parceria com marcas.<\/p>\n<p><strong>Carreira :<\/strong><\/p>\n<p>Ap\u00f3s a bem sucedida carreira de modelo, Claudia foi convidada a atuar no cinema e TV\u00a0 , atuando em cinco novelas, uma miniss\u00e9rie\u00a0 e no programa &#8220;MTV A Go-Go&#8221;, onde ocupou o posto de apresentadora, em 1995.<\/p>\n<p>Claudia Liz estrelou ainda em 4 longas-metragens, em\u00a0 &#8220;As Meninas&#8221;, de Lygia Fagundes Telles, lhe rendeu o pr\u00eamio de &#8220;Melhor Atriz&#8221;,\u00a0 Festival de Cartagena e pr\u00eamio de &#8220;Atriz revela\u00e7\u00e3o&#8221;&#8221; no Pr\u00eamio Guarani de cinema<\/p>\n<p>Dona de criatividade pulsante, h\u00e1 14 anos resolveu assumir o que era seu hobby desde pequena e passou a se dedicar inteiramente \u00e0s artes visuais.<\/p>\n<p>Artista visual , Claudia Liz transmite sua habilidade em contextos diversos. Como ilustradora, emprestou sua arte para os livros &#8220;Millennial Mind&#8221; (USA), &#8220;Lygia Fagundes Telles &#8211; Dossi\u00ea de Uma Imortal&#8221;, &#8220;Racismo Gourmet&#8221; atuou\u00a0 por 12 anos na coluna &#8220;Tend\u00eancias e Debates&#8221; do jornal\u00a0 Folha de S\u00e3o Paulo e atualmente na coluna de Mirian Goldenberg.<\/p>\n<p>Claudia Liz tamb\u00e9m lan\u00e7ou dois livros, de autoria pr\u00f3pria: &#8220;O Caminho da Passarela&#8221; e &#8220;Colorindo o Mundo Fashion&#8221;.<\/p>\n<p>Em 2020, realizou\u00a0 um mural em homenagem aos profissionais da sa\u00fade da Santa Casa de S\u00e3o Paulo que enfrentavam a pandemia da covid-19, a convite do ent\u00e3o provedor Ant\u00f4nio Penteado Mendon\u00e7a.<\/p>\n<p>Seus Trabalhos\u00a0 j\u00e1 estiveram presentes na mostra individual em Paris, para ao grupo Lonza e nas coletivas \u201cPequenos Not\u00e1veis\u201d, no Pavilh\u00e3o Ciccillo Matarazzo,\u201cDezembro\u201d na Thomas Baccaro Gallery, exposi\u00e7\u00e3o \u201cFeminino Plural\u201d ao longo de 1 Km na\u00a0 Avenida Paulista\u00a0 e Exposi\u00e7\u00e3o coletiva na Galeria Cosmos.<\/p>\n<p>Em 2021, estreou na maior exposi\u00e7\u00e3o a c\u00e9u aberto da Am\u00e9rica Latina na Av. Paulista &#8211; Feminino Plural, com curadoria da jornalista Lilian Pacce.<\/p>\n<p>Realizou em 2024 Collabs linha HOME:<\/p>\n<p>Donatelli tecidos\u00a0 &#8211; Cole\u00e7\u00e3o &#8220;Entrelinhas&#8221;\u00a0 estampas em tecidos Jacquard\u00a0 para decor , linha premium.<\/p>\n<p>Decor Tricot &#8211; Cole\u00e7\u00e3o &#8220;Cores do Marrocos&#8221; em tricot : mantas \/ almofadas \/ jogos americano , acess\u00f3rios de cortina<\/p>\n<p>Parcerias, palestras , workshops e\u00a0 visita\u00e7\u00e3o ao atelier falar com contato@claudializ.com.br<\/p>\n<p><span style=\"font-size: inherit;\">foto : Adriano Damas<\/span><\/p>\n","protected":false},"excerpt":{"rendered":"<p>Com uma trajet\u00f3ria que come\u00e7ou nas passarelas e editoriais como top model de proje\u00e7\u00e3o internacional, icone da moda no Brasil , Cl\u00e1udia Liz expandiu seu repert\u00f3rio est\u00e9tico para as artes visuais, onde atua como pintora, ilustradora e artista multim\u00eddia. Sua obra explora as conex\u00f5es entre moda, arte, estilo, design, sempre com uma linguagem autoral e &hellip; <a href=\"https:\/\/www.claudializ.com.br\/en\/bio\/\" class=\"more-link\">Continue reading <span class=\"screen-reader-text\">Bio<\/span> <span class=\"meta-nav\">&rarr;<\/span><\/a><\/p>\n","protected":false},"author":1,"featured_media":1652,"parent":0,"menu_order":0,"comment_status":"closed","ping_status":"closed","template":"","meta":[],"_links":{"self":[{"href":"https:\/\/www.claudializ.com.br\/en\/wp-json\/wp\/v2\/pages\/4"}],"collection":[{"href":"https:\/\/www.claudializ.com.br\/en\/wp-json\/wp\/v2\/pages"}],"about":[{"href":"https:\/\/www.claudializ.com.br\/en\/wp-json\/wp\/v2\/types\/page"}],"author":[{"embeddable":true,"href":"https:\/\/www.claudializ.com.br\/en\/wp-json\/wp\/v2\/users\/1"}],"replies":[{"embeddable":true,"href":"https:\/\/www.claudializ.com.br\/en\/wp-json\/wp\/v2\/comments?post=4"}],"version-history":[{"count":32,"href":"https:\/\/www.claudializ.com.br\/en\/wp-json\/wp\/v2\/pages\/4\/revisions"}],"predecessor-version":[{"id":1909,"href":"https:\/\/www.claudializ.com.br\/en\/wp-json\/wp\/v2\/pages\/4\/revisions\/1909"}],"wp:featuredmedia":[{"embeddable":true,"href":"https:\/\/www.claudializ.com.br\/en\/wp-json\/wp\/v2\/media\/1652"}],"wp:attachment":[{"href":"https:\/\/www.claudializ.com.br\/en\/wp-json\/wp\/v2\/media?parent=4"}],"curies":[{"name":"wp","href":"https:\/\/api.w.org\/{rel}","templated":true}]}}

<p>Com uma trajetória que começou nas passarelas e editoriais como top model de projeção internacional, icone da moda no Brasil , Cláudia Liz expandiu seu repertório estético para as artes visuais, onde atua como pintora, ilustradora e artista multimídia. Sua obra explora as conexões entre moda, arte, estilo, design, sempre com uma linguagem autoral e sensível.</p>
<p>Hoje, além de seu trabalho artístico, Cláudia também colabora com marcas em projetos especiais, cocriando conteúdos que traduzem seu lifestyle e sua visão estética. Com um olhar refinado e uma presença inspiradora, ela atua como personalidade criativa, conectando universos e ampliando narrativas visuais contemporânea.</p>
<p>Atuação:<br />
• Desenvolvimento de produtos e coleções exclusivas, com curadoria estética e direção criativa assinada.<br />
• Colabs com assinatura autoral: criação de peças e linhas especiais nas áreas de moda, arte e decoração, conectadas ao seu repertório visual.<br />
• Parcerias como personalidade criativa: participação em campanhas e ativações como criadora de conteúdo com presença em redes sociais e ações de marca.<br />
• estilo &amp; imagem: olhar apurado para narrativas visuais, atuando em projetos de moda, beleza e decor.<br />
• Modelo &amp; ícone fashion: referência estética desde os anos 90, Cláudia segue atuando como modelo e símbolo de elegância atemporal para campanhas e editoriais.<br />
• Representatividade 50+: voz relevante na discussão sobre estilo, beleza e protagonismo feminino maduro.<br />
• Artista visual multifacetada: atuação como pintora, ilustradora e criadora de estampas exclusivas para moda, decor e projetos especiais em parceria com marcas.</p>
<p><strong>Carreira :</strong></p>
<p>Após a bem sucedida carreira de modelo, Claudia foi convidada a atuar no cinema e TV  , atuando em cinco novelas, uma minissérie  e no programa &#8220;MTV A Go-Go&#8221;, onde ocupou o posto de apresentadora, em 1995.</p>
<p>Claudia Liz estrelou ainda em 4 longas-metragens, em  &#8220;As Meninas&#8221;, de Lygia Fagundes Telles, lhe rendeu o prêmio de &#8220;Melhor Atriz&#8221;,  Festival de Cartagena e prêmio de &#8220;Atriz revelação&#8221;&#8221; no Prêmio Guarani de cinema</p>
<p>Dona de criatividade pulsante, há 14 anos resolveu assumir o que era seu hobby desde pequena e passou a se dedicar inteiramente às artes visuais.</p>
<p>Artista visual , Claudia Liz transmite sua habilidade em contextos diversos. Como ilustradora, emprestou sua arte para os livros &#8220;Millennial Mind&#8221; (USA), &#8220;Lygia Fagundes Telles &#8211; Dossiê de Uma Imortal&#8221;, &#8220;Racismo Gourmet&#8221; atuou  por 12 anos na coluna &#8220;Tendências e Debates&#8221; do jornal  Folha de São Paulo e atualmente na coluna de Mirian Goldenberg.</p>
<p>Claudia Liz também lançou dois livros, de autoria própria: &#8220;O Caminho da Passarela&#8221; e &#8220;Colorindo o Mundo Fashion&#8221;.</p>
<p>Em 2020, realizou  um mural em homenagem aos profissionais da saúde da Santa Casa de São Paulo que enfrentavam a pandemia da covid-19, a convite do então provedor Antônio Penteado Mendonça.</p>
<p>Seus Trabalhos  já estiveram presentes na mostra individual em Paris, para ao grupo Lonza e nas coletivas “Pequenos Notáveis”, no Pavilhão Ciccillo Matarazzo,“Dezembro” na Thomas Baccaro Gallery, exposição “Feminino Plural” ao longo de 1 Km na  Avenida Paulista  e Exposição coletiva na Galeria Cosmos.</p>
<p>Em 2021, estreou na maior exposição a céu aberto da América Latina na Av. Paulista &#8211; Feminino Plural, com curadoria da jornalista Lilian Pacce.</p>
<p>Realizou em 2024 Collabs linha HOME:</p>
<p>Donatelli tecidos  &#8211; Coleção &#8220;Entrelinhas&#8221;  estampas em tecidos Jacquard  para decor , linha premium.</p>
<p>Decor Tricot &#8211; Coleção &#8220;Cores do Marrocos&#8221; em tricot : mantas / almofadas / jogos americano , acessórios de cortina</p>
<p>Parcerias, palestras , workshops e  visitação ao atelier falar com contato@claudializ.com.br</p>
<p><span style="font-size: inherit;">foto : Adriano Damas</span></p>

<p>Com uma trajetória que começou nas passarelas e editoriais como top model de projeção internacional, icone da moda no Brasil , Cláudia Liz expandiu seu repertório estético para as artes visuais, onde atua como pintora, ilustradora e artista multimídia. Sua obra explora as conexões entre moda, arte, estilo, design, sempre com uma linguagem autoral e &hellip; <a href="https://www.claudializ.com.br/en/bio/" class="more-link">Continue reading <span class="screen-reader-text">Bio</span> <span class="meta-nav">&rarr;</span></a></p>
